{"version":"1.0","provider_name":"ELLE.be","provider_url":"https:\/\/www.elle.be\/fr","author_name":"Elisabeth Clauss","author_url":"https:\/\/www.elle.be\/fr\/author\/elisabeth","title":"Walter Van Beirendonck fait tomber les masques - ELLE.be","type":"rich","width":600,"height":338,"html":"<blockquote class=\"wp-embedded-content\" data-secret=\"b5OuCVf69q\"><a href=\"https:\/\/www.elle.be\/fr\/182288-walter-van-beirendonck-tomber-masques.html\">Walter Van Beirendonck fait tomber les masques<\/a><\/blockquote><iframe sandbox=\"allow-scripts\" security=\"restricted\" src=\"https:\/\/www.elle.be\/fr\/182288-walter-van-beirendonck-tomber-masques.html\/embed#?secret=b5OuCVf69q\" width=\"600\" height=\"338\" title=\"\u00ab\u00a0Walter Van Beirendonck fait tomber les masques\u00a0\u00bb &#8212; ELLE.be\" data-secret=\"b5OuCVf69q\" frameborder=\"0\" marginwidth=\"0\" marginheight=\"0\" scrolling=\"no\" class=\"wp-embedded-content\"><\/iframe><script type=\"text\/javascript\">\n\/* <![CDATA[ *\/\n\/*! This file is auto-generated *\/\n!function(d,l){\"use strict\";l.querySelector&&d.addEventListener&&\"undefined\"!=typeof URL&&(d.wp=d.wp||{},d.wp.receiveEmbedMessage||(d.wp.receiveEmbedMessage=function(e){var t=e.data;if((t||t.secret||t.message||t.value)&&!\/[^a-zA-Z0-9]\/.test(t.secret)){for(var s,r,n,a=l.querySelectorAll('iframe[data-secret=\"'+t.secret+'\"]'),o=l.querySelectorAll('blockquote[data-secret=\"'+t.secret+'\"]'),c=new RegExp(\"^https?:$\",\"i\"),i=0;i<o.length;i++)o[i].style.display=\"none\";for(i=0;i<a.length;i++)s=a[i],e.source===s.contentWindow&&(s.removeAttribute(\"style\"),\"height\"===t.message?(1e3<(r=parseInt(t.value,10))?r=1e3:~~r<200&&(r=200),s.height=r):\"link\"===t.message&&(r=new URL(s.getAttribute(\"src\")),n=new URL(t.value),c.test(n.protocol))&&n.host===r.host&&l.activeElement===s&&(d.top.location.href=t.value))}},d.addEventListener(\"message\",d.wp.receiveEmbedMessage,!1),l.addEventListener(\"DOMContentLoaded\",function(){for(var e,t,s=l.querySelectorAll(\"iframe.wp-embedded-content\"),r=0;r<s.length;r++)(t=(e=s[r]).getAttribute(\"data-secret\"))||(t=Math.random().toString(36).substring(2,12),e.src+=\"#?secret=\"+t,e.setAttribute(\"data-secret\",t)),e.contentWindow.postMessage({message:\"ready\",secret:t},\"*\")},!1)))}(window,document);\n\/* ]]> *\/\n<\/script>\n","thumbnail_url":"https:\/\/www.elle.be\/fr\/wp-content\/uploads\/2017\/09\/Cover-Powermasks.jpg","thumbnail_width":670,"thumbnail_height":351,"description":"Dans une industrie de la mode pleine de questionnements, de vraies passions et de faux semblants, Walter Van Beirendonck expose des masques. Comme souvent, alors que l'actualit\u00e9 secoue, le cr\u00e9ateur Flamand pose sur la soci\u00e9t\u00e9 le regard le plus p\u00e9n\u00e9trant."}

Dans une industrie de la mode pleine de questionnements, de vraies passions et de faux semblants, Walter Van Beirendonck expose des masques. Comme souvent, alors que l'actualité secoue, le créateur Flamand pose sur la société le regard le plus pénétrant.
