{"version":"1.0","provider_name":"ELLE.be","provider_url":"https:\/\/www.elle.be\/fr","author_name":"Elisabeth Clauss","author_url":"https:\/\/www.elle.be\/fr\/author\/elisabeth","title":"Marine Serre s\u00e9lectionn\u00e9e au Festival d'Hy\u00e8res - ELLE.be","type":"rich","width":600,"height":338,"html":"<blockquote class=\"wp-embedded-content\" data-secret=\"uaRwN055PU\"><a href=\"https:\/\/www.elle.be\/fr\/155488-marine-serre-selectionnee-festival-dhyeres.html\">Marine Serre s\u00e9lectionn\u00e9e au Festival d&#8217;Hy\u00e8res<\/a><\/blockquote><iframe sandbox=\"allow-scripts\" security=\"restricted\" src=\"https:\/\/www.elle.be\/fr\/155488-marine-serre-selectionnee-festival-dhyeres.html\/embed#?secret=uaRwN055PU\" width=\"600\" height=\"338\" title=\"\u00ab\u00a0Marine Serre s\u00e9lectionn\u00e9e au Festival d&#8217;Hy\u00e8res\u00a0\u00bb &#8212; ELLE.be\" data-secret=\"uaRwN055PU\" frameborder=\"0\" marginwidth=\"0\" marginheight=\"0\" scrolling=\"no\" class=\"wp-embedded-content\"><\/iframe><script type=\"text\/javascript\">\n\/* <![CDATA[ *\/\n\/*! This file is auto-generated *\/\n!function(d,l){\"use strict\";l.querySelector&&d.addEventListener&&\"undefined\"!=typeof URL&&(d.wp=d.wp||{},d.wp.receiveEmbedMessage||(d.wp.receiveEmbedMessage=function(e){var t=e.data;if((t||t.secret||t.message||t.value)&&!\/[^a-zA-Z0-9]\/.test(t.secret)){for(var s,r,n,a=l.querySelectorAll('iframe[data-secret=\"'+t.secret+'\"]'),o=l.querySelectorAll('blockquote[data-secret=\"'+t.secret+'\"]'),c=new RegExp(\"^https?:$\",\"i\"),i=0;i<o.length;i++)o[i].style.display=\"none\";for(i=0;i<a.length;i++)s=a[i],e.source===s.contentWindow&&(s.removeAttribute(\"style\"),\"height\"===t.message?(1e3<(r=parseInt(t.value,10))?r=1e3:~~r<200&&(r=200),s.height=r):\"link\"===t.message&&(r=new URL(s.getAttribute(\"src\")),n=new URL(t.value),c.test(n.protocol))&&n.host===r.host&&l.activeElement===s&&(d.top.location.href=t.value))}},d.addEventListener(\"message\",d.wp.receiveEmbedMessage,!1),l.addEventListener(\"DOMContentLoaded\",function(){for(var e,t,s=l.querySelectorAll(\"iframe.wp-embedded-content\"),r=0;r<s.length;r++)(t=(e=s[r]).getAttribute(\"data-secret\"))||(t=Math.random().toString(36).substring(2,12),e.src+=\"#?secret=\"+t,e.setAttribute(\"data-secret\",t)),e.contentWindow.postMessage({message:\"ready\",secret:t},\"*\")},!1)))}(window,document);\n\/* ]]> *\/\n<\/script>\n","thumbnail_url":"https:\/\/www.elle.be\/fr\/wp-content\/uploads\/2017\/01\/cover_FestivalMode.jpg","thumbnail_width":670,"thumbnail_height":351,"description":"De son nom complet, \"Festival International de Mode et de la Photographie d'Hy\u00e8res\". C'est un incubateur \u00e0 jeunes talents de mode ou de photos. Et notamment Marine Serre, dipl\u00f4m\u00e9e de La Cambre."}

Marine Serre sélectionnée au Festival d'Hyères - ELLE.be

<blockquote class="wp-embedded-content" data-secret="uaRwN055PU"><a href="https://www.elle.be/fr/155488-marine-serre-selectionnee-festival-dhyeres.html">Marine Serre sélectionnée au Festival d&#8217;Hyères</a></blockquote><iframe sandbox="allow-scripts" security="restricted" src="https://www.elle.be/fr/155488-marine-serre-selectionnee-festival-dhyeres.html/embed#?secret=uaRwN055PU" width="600" height="338" title="« Marine Serre sélectionnée au Festival d&#8217;Hyères » &#8212; ELLE.be" data-secret="uaRwN055PU" frameborder="0" marginwidth="0" marginheight="0" scrolling="no" class="wp-embedded-content"></iframe><script type="text/javascript">
/* <![CDATA[ */
/*! This file is auto-generated */
!function(d,l){"use strict";l.querySelector&&d.addEventListener&&"undefined"!=typeof URL&&(d.wp=d.wp||{},d.wp.receiveEmbedMessage||(d.wp.receiveEmbedMessage=function(e){var t=e.data;if((t||t.secret||t.message||t.value)&&!/[^a-zA-Z0-9]/.test(t.secret)){for(var s,r,n,a=l.querySelectorAll('iframe[data-secret="'+t.secret+'"]'),o=l.querySelectorAll('blockquote[data-secret="'+t.secret+'"]'),c=new RegExp("^https?:$","i"),i=0;i<o.length;i++)o[i].style.display="none";for(i=0;i<a.length;i++)s=a[i],e.source===s.contentWindow&&(s.removeAttribute("style"),"height"===t.message?(1e3<(r=parseInt(t.value,10))?r=1e3:~~r<200&&(r=200),s.height=r):"link"===t.message&&(r=new URL(s.getAttribute("src")),n=new URL(t.value),c.test(n.protocol))&&n.host===r.host&&l.activeElement===s&&(d.top.location.href=t.value))}},d.addEventListener("message",d.wp.receiveEmbedMessage,!1),l.addEventListener("DOMContentLoaded",function(){for(var e,t,s=l.querySelectorAll("iframe.wp-embedded-content"),r=0;r<s.length;r++)(t=(e=s[r]).getAttribute("data-secret"))||(t=Math.random().toString(36).substring(2,12),e.src+="#?secret="+t,e.setAttribute("data-secret",t)),e.contentWindow.postMessage({message:"ready",secret:t},"*")},!1)))}(window,document);
/* ]]> */
</script>

De son nom complet, "Festival International de Mode et de la Photographie d'Hyères". C'est un incubateur à jeunes talents de mode ou de photos. Et notamment Marine Serre, diplômée de La Cambre.
